eatest common divisor of 15 and m.
3
Suppose 34*h = 43*h - 117. Suppose -4*q + 154 = -0*q - t, -4*q - t = -158. What is the greatest common divisor of h and q?
13
Let x = 77 - 73. What is the greatest common factor of x and 28?
4
Suppose -3*t + 26 = -25. What is the greatest common factor of t and 17?
17
Suppose -3*l + 0*x - 4*x = -80, 5*x + 14 = l. What is the highest common divisor of 120 and l?
24
Suppose -2*z = 3*m + 3 - 15, -5*m + 2*z = -20. Let c(t) = t**3 + 4*t**2 + 3*t + 4. Let j be c(-3). Calculate the highest common factor of m and j.
4
Suppose -5*h + 2 = -18. Suppose 36 = h*y + 2*r + 4, y + 3*r = 13. Calculate the greatest common factor of y and 7.
7
Let a(z) = 371*z - 3. Let c be a(2). Suppose -5*b + c = 289. What is the greatest common divisor of b and 10?
10
Let g(l) be the first derivative of -l**3/3 + 9*l**2/2 - l + 1. Let r be g(8). Let t = 5 + r. Calculate the greatest common divisor of 60 and t.
12
Let s = 372 + -368. Suppose k = 105 - 29. Suppose 2*a - k = 12. What is the greatest common factor of a and s?
4
Let s be 285/12 - 4/48*-3. Calculate the highest common factor of s and 16.
8
Let u = -22 + 184. Let v = 17 + 1. What is the highest common divisor of v and u?
18
Suppose -8 - 1 = -w. Let m(i) = 2*i - 5. Let q be (-1)/5 + 144/20. Let c be m(q). What is the highest common factor of c and w?
9
Let j(m) = m**2 - 2*m - 2. Let h be j(5). Suppose -5 - h = -3*b. Let z be b/4 - 1/2. Calculate the greatest common factor of 11 and z.
1
Let i = 124 - 115. Let a be (4/(-8))/(1/8). Let w be (1 + a*1)*-3. What is the highest common divisor of i and w?
9
Let p(w) be the first derivative of -w**4/4 - 5*w**3/3 + 2*w**2 - 4*w + 5. Let v be p(-6). Calculate the highest common factor of v and 8.
8
Let c(o) = o**3 + 4*o**2 - 7*o - 7. Let a be c(-5). Suppose a*w = 4*k - 34 - 41, -k + 2*w = -25. Calculate the greatest common divisor of 135 and k.
15
Let b(m) = m**2 - m + 29. Suppose -4*y + 12 = 0, -2*u + 5*u + 9 = 3*y. Let c be b(u). Let x = c - -59. Calculate the greatest common divisor of x and 8.
8
Suppose j - 78 - 9 = 0. Suppose 0 = -3*c + d + 245, 5*d + j + 178 = 3*c. Calculate the highest common divisor of c and 20.
20
Suppose -2*q + 5*o + 87 = -0*q, -2*q - o = -117. What is the greatest common factor of 7 and q?
7
Let q(i) = i**2 - 5*i + 7. Let h be q(6). Let k = h - 3. Let w = 6 - -24. Calculate the highest common factor of w and k.
10
Suppose -5*z + 11 = -0*k - 2*k, 4*z = -5*k - 11. Suppose y - 14 + 5 = 0. Calculate the highest common divisor of z and y.
1
Suppose -3*p - 3 - 20 = -5*y, -p = -2*y + 9. Suppose y*o - 44 = -0*o. Let j be ((-3)/(-1) - 1) + 9. What is the highest common divisor of o and j?
11
Let s = -1 + 1. Suppose l + 3 - 6 = s. Let n(y) = y**2 - 3. Let p be n(l). What is the highest common factor of 4 and p?
2
Let y = 660 - 396. Calculate the greatest common factor of y and 33.
33
Suppose 0*l = 5*l - 20. Suppose 4*j - 75 = -5*g, 3*g - l*j - 48 = -3. What is the greatest common factor of g and 135?
15
Suppose 5*c + 0*c = 100. Calculate the highest common factor of c and 5.
5
Let c(t) = 19*t + 4. Let q be c(4). Calculate the greatest common factor of 10 and q.
10
Let y(t) = t + 8. Let o be y(-6). Suppose 2*l + 5*s - 10 = o*s, 5*s - 6 = 2*l. What is the highest common divisor of l and 6?
2
Let d(z) = z**3 + 6*z**2 + 5*z - 2. Let h be d(-5). Let s be (35/(-20))/(h/32). What is the greatest common divisor of s and 14?
14
Let f(u) be the third derivative of u**5/30 - u**4/12 - 2*u**3 - 3*u**2. Let q be f(9). What is the highest common factor of q and 12?
12
Let b = -25 - -28. Let c(m) = m - 7. Let h be c(9). Calculate the highest common divisor of b and h.
1
Let y = 11 + 33. Let p(c) = -c**3 - 9*c**2 + 8*c - 9. Let l be p(-10). Calculate the highest common divisor of y and l.
11
Let h(k) = 4*k**2 - 2*k - 1. Let o be h(-2). Calculate the greatest common divisor of o and 57.
19
Suppose 3*l + 4*f = 482, -5 = -2*f + f. What is the greatest common divisor of 14 and l?
14
Suppose 33 = 2*j - 5*l + 4, -j + l + 10 = 0. Suppose 20 = r + 6. What is the greatest common divisor of j and r?
7
Suppose -5*f - 103 + 263 = 0. Suppose -2*o + f = 2*o. Let g be (o/12)/((-2)/(-12)). What is the highest common factor of 36 and g?
4
Let u(q) = -232*q**3 + 2*q + 1. Let v be u(-1). Calculate the highest common factor of 21 and v.
21
Let x be (-3)/2*(-1792)/42. Calculate the greatest common divisor of 4 and x.
4
Suppose 0 = -161*i + 165*i - 184. What is the greatest common factor of i and 115?
23
Let c(j) = -6*j**3 - 3*j**2 + 2. Let b be c(-2). Let w = 245 - b. Calculate the greatest common divisor of 23 and w.
23
Let b = 2 - -6. What is the highest common divisor of 40 and b?
8
Suppose 63 = 5*f - 3*i - 0*i, 3*f - 32 = -4*i. Calculate the greatest common divisor of f and 84.
12
Suppose 38 = i + 4*a, -5 + 0 = -a. What is the highest common factor of 90 and i?
18
Suppose -3*f = q - 8*f - 1, 4*q + 2*f - 48 = 0. Calculate the greatest common factor of q and 143.
11
Suppose 2*q - 5*k - 295 = 0, -3*q - 2*k = -7*k - 430. Suppose -b = -3 - 3. Let c be 2/(-4) + q/b. Calculate the highest common factor of c and 11.
11
Suppose 3*p + 10 - 1 = 0. Let o = 6 + p. Suppose -f + o*v = -8 - 79, -3*v - 375 = -5*f. What is the greatest common factor of 24 and f?
24
Let t = 0 - -10. Suppose -2*o = -o - 8. Suppose -3*s + o = -4. Calculate the greatest common factor of s and t.
2
Let g(p) = -p - 4. Let x be g(-5). Let n be (-2)/(-2) + 36 - x. Calculate the highest common divisor of n and 4.
4
Let u = 248 - 161. Suppose 2*d - 5*z - u = -2*z, -4*z + 60 = d. Let y = d + -30. Calculate the highest common factor of y and 12.
6
Let z be -4*(10/(-8) - 0). Let f = z + -2. Suppose f*o = 4*o - 15. Calculate the greatest common divisor of o and 15.
15
Let g(t) = -t + 65. Let j be 24/36 - 2/3. Let m be g(j). What is the highest common divisor of m and 26?
13
Suppose y = -4*y + 10. Suppose -3*x = -y*x - 11. Let i = x + -1. What is the highest common divisor of i and 40?
10
Suppose 2*z - 364 = -4*q, 0*q + 5*z - 460 = -5*q. What is the highest common factor of 10 and q?
10
Suppose -5*f + 22 = 2*i - 638, 5*f - 2*i = 660. What is the greatest common factor of 24 and f?
12
Let s(k) = k**2 - k - 6. Let w(h) = 2*h**2 - 3*h - 4. Let z be w(3). Let y be s(z). Calculate the highest common factor of 112 and y.
14
Let b(h) = 2*h - 4. Let g be b(14). Calculate the highest common divisor of g and 6.
6
Let c = 238 + -163. Suppose 246 = 6*d + 66. Calculate the highest common factor of d and c.
15
Suppose b + 3*b - 228 = 0. What is the highest common factor of 19 and b?
19
Suppose 5*i - 8 - 2 = 0. Let b(d) = 3*d - 3. Let z be b(i). Let g be (-3)/z*-7 + -2. Calculate the highest common factor of 2 and g.
1
Suppose -3*q = -0*q + o - 191, 2*q - 2*o = 138. Let k be (-77)/(-3) - 2/(-6). Calculate the highest common factor of q and k.
13
Let v be ((-10)/3)/5*-24. What is the greatest common factor of 48 and v?
16
Suppose 0 = 3*t - 14 - 40. Suppose -2*h + 2*a + 506 = 0, 0 = -4*h - 2*a + 7*a + 1016. Suppose -3 = -2*d + h. What is the greatest common divisor of d and t?
18
Let b = 25 - 16. Let x = 8 - 14. Let m be x/(-4) + 15/2. Calculate the greatest common divisor of m and b.
9
Let z = 10 - 5. Let l be (-21)/4*112/(-6). Suppose -a + 39 = c, l + 3 = 3*a - c. What is the greatest common divisor of z and a?
5
Let f = -36 - -51. Suppose 2 = b - 0. Suppose -39 = -b*p + 21. What is the greatest common divisor of p and f?
15
Let g = 48 + -37. What is the highest common divisor of g and 11?
11
Let z(y) = 8*y**2 - 2*y + 2. Let m be z(1). Calculate the greatest common divisor of m and 20.
4
Let p = -12 - -24. Calculate the greatest common factor of p and 36.
12
Suppose -f + 0*i - 3 = -2*i, 3*i = 12. What is the greatest common divisor of 40 and f?
5
Let b be 1 - (-17 + (2 - 2)). Suppose 4*c + 1 + 8 = 3*t, c + 2 = t. Let d be (18/8)/(t/(-12)). Calculate the highest common divisor of d and b.
9
Let x(b) = b**3 - 10*b**2 + b - 5. Let w be x(10). Suppose -8 = -l - 5*f, l - 4*f - w = -2*l. What is the highest common divisor of l and 27?
3
Suppose 2*q - 12 - 4 = 0. What is the highest common divisor of q and 1?
1
Let z(u) = 2*u**3 - 4*u**2 + u + 2. Let j be z(2). What is the greatest common factor of 36 and j?
4
Let y be 5